
Let i(n) = -12*n**2 - 214*n - 416. Give i(-15).
94
Let g(k) = 32*k**2 + 276*k - 285. What is g(-16)?
3491
Let x(k) = -88773*k - 3. Calculate x(0).
-3
Let z(x) = -x**3 + 33*x**2 - 166*x + 2198. Give z(32).
-2090
Let c(z) = -z**3 + 72*z**2 + 1192*z + 892. What is c(86)?
-140
Let b(q) = -249016*q - 15438982. Determine b(-62).
10
Let s(p) = -116*p**2 + 10184*p + 2102. Calculate s(88).
-10
Let z(q) = -1054*q - 2884. Determine z(-3).
278
Let k(v) = 36727*v - 514216. Determine k(14).
-38
Let f(n) = -n**3 + 89*n**2 + 892*n + 28. Determine f(-9).
-62
Let r(p) = 4*p**3 - p**2 + 16*p - 673. Determine r(0).
-673
Let v(p) = -223076*p - 9146115. Calculate v(-41).
1
Let o(v) = 2*v**2 + 239*v - 5723. Calculate o(-140).
17
Let f(g) = -g**3 + 61*g**2 + 250*g - 3447. What is f(64)?
265
Let o(k) = -k**3 - 8*k**2 - 1758*k - 12289. Determine o(-7).
-32
Let f(d) = -1258*d + 49032. Give f(39).
-30
Let o(z) = -61763*z + 61757. What is o(1)?
-6
Let h(f) = -4890*f - 208641. Determine h(-43).
1629
Let f(o) = -5*o**2 + 1742*o - 774. What is f(348)?
-78
Let z(h) = 367*h + 116459. Give z(-317).
120
Let d(t) = 92*t**2 + 2938*t - 13467. Give d(-36).
-3
Let s(o) = -17*o**2 - 322*o - 34. Calculate s(-20).
-394
Let j(y) = 5*y**3 - 327*y**2 + 135*y - 188. Determine j(65).
137
Let y(s) = 124913*s + 1374048. Calculate y(-11).
5
Let w(x) = -x**3 - 23*x**2 - 115*x - 716. What is w(-19)?
25
Let l(p) = p**2 + 689*p - 11382. Determine l(16).
-102
Let r(k) = 574*k**3 + 2*k**2 + 128*k - 130. What is r(1)?
574
Let s(j) = j**3 - 107*j**2 - 736*j + 6543. Calculate s(113).
-11
Let f(x) = -127364*x + 382108. Determine f(3).
16
Let h(m) = 76594*m - 919129. What is h(12)?
-1
Let h(k) = 601526*k + 1804576. Determine h(-3).
-2
Let p(b) = 136589*b - 16117495. Give p(118).
7
Let x(v) = -22683*v + 43578. What is x(2)?
-1788
Let u(i) = -1356*i + 5489. Determine u(6).
-2647
Let x(z) = -529*z - 111. Determine x(-1).
418
Let p(m) = -m**2 + 150*m + 1077. What is p(157)?
-22
Let b(v) = -14*v**2 + 8830*v - 17. What is b(0)?
-17
Let r(v) = -5*v**2 - 2015*v + 10192. Give r(-408).
-8
Let l(m) = 519*m**2 + 105357*m - 39. Give l(-203).
-39
Let s(l) = 3*l**3 - 242*l**2 - 1122*l + 1590. What is s(85)?
145
Let w(r) = r**3 + 38*r**2 + 61*r + 3132. Calculate w(-39).
-768
Let n(t) = -t**2 - 95*t - 2605. Give n(-58).
-459
Let n(v) = -2*v**3 + 5*v**2 + 17*v - 142. Give n(11).
-2012
Let r(i) = -290*i**2 - 502*i - 1009. Calculate r(-2).
-1165
Let l(g) = 2*g**2 - 702*g + 3463. What is l(5)?
3
Let m(k) = -2*k**3 + 206*k**2 - 212*k + 705. Give m(102).
-111
Let c(f) = 13*f**2 + 233606*f + 233607. Give c(-1).
14
Let v(u) = u**3 + 86*u**2 - 1197*u - 25. Determine v(13).
1145
Let v(i) = -215376*i - 2799804. Calculate v(-13).
84
Let i(h) = -39*h**2 - 55*h - 94. Determine i(-4).
-498
Let d(k) = 84*k - 3674. Give d(55).
946
Let u(j) = -6128*j**2 - 392206*j - 888. Determine u(-64).
8
Let u(x) = -2*x**2 + 26*x + 478. Determine u(25).
-122
Let m(j) = -18*j**2 + 3401*j + 38. Calculate m(189).
-151
Let v(n) = -91*n**2 + 157*n - 31. Calculate v(0).
-31
Let m(n) = n**3 - 14*n**2 - 740*n + 12244. Calculate m(19).
-11
Let d(i) = -17*i**2 + 114*i + 103. Determine d(7).
68
Let f(x) = -42*x**2 - 327*x - 19. Give f(5).
-2704
Let u(h) = h**3 - 19*h**2 + 90*h - 49. What is u(6)?
23
Let z(h) = 2*h**3 - h**2 + 497*h - 2511. Calculate z(5).
199
Let o(d) = -d**3 + 20*d**2 + 85*d - 1902. Give o(20).
-202
Let p(l) = 3*l**2 + 170*l + 211. Determine p(-56).
99
Let y(r) = -7*r**3 - 110*r**2 + 154*r + 133. Calculate y(-17).
116
Let l(i) = -i**3 - 70*i**2 - 744*i - 5650. What is l(-59)?
-45
Let i(b) = -6*b**3 - 9826*b**2 - 16393*b - 53990. What is i(-1636)?
-2
Let i(r) = -41*r**2 - 9523*r - 38080. Calculate i(-4).
-644
Let r(d) = 42*d**2 - 873*d + 2707. Determine r(17).
4
Let g(u) = -u**2 + 2473*u + 178028. What is g(-70)?
18
Let m(w) = 2*w**2 + 48564*w + 242769. Calculate m(-5).
-1
Let h(i) = 20*i**3 + 306*i**2 - 260*i - 571. Calculate h(-16).
5
Let r(a) = -2*a**2 - 697*a + 12542. Calculate r(17).
115
Let m(d) = 8*d**3 + 74*d**2 - 38*d - 544. What is m(-9)?
-40
Let j(l) = 4*l**3 + 40*l**2 + 295*l - 765. Give j(2).
17
Let i(r) = 357563*r + 1787777. What is i(-5)?
-38
Let m(g) = 25*g**2 + 3627*g + 10910. Calculate m(-142).
-24
Let v(q) = -2*q**3 - 225*q**2 - 3980*q - 44. Determine v(-22).
-88
Let i(h) = h**2 - 1507*h + 3843. Determine i(0).
3843
Let g(i) = -179*i**2 - 2158*i - 74. What is g(-12)?
46
Let s(r) = -r**2 - 5363*r + 5361. Give s(1).
-3
Let i(a) = 7232*a + 260377. Give i(-36).
25
Let o(y) = y**3 + 29*y**2 - 1197*y - 43. Determine o(-52).
9
Let i(t) = -2*t**3 - 4*t**2 + 117*t + 267. Calculate i(-7).
-62
Let w(r) = 4*r - 722. Calculate w(-25).
-822
Let u(y) = y**3 + 22*y**2 - 248*y - 3724. Calculate u(-26).
20
Let f(a) = 1821*a - 23395. Give f(13).
278
Let t(o) = -o**2 - 948*o + 26298. Determine t(27).
-27
Let g(j) = -3*j**3 + 58*j**2 + 20*j - 144. What is g(11)?
3101
Let m(s) = 1250*s - 61065. Calculate m(50).
1435
Let h(c) = 11*c**3 + 3*c**2 + 1894*c - 3790. Calculate h(2).
98
Let t(v) = 18760*v - 187573. Calculate t(10).
27
Let l(f) = -6*f**3 + 605*f**2 + 86*f + 1518. Calculate l(101).
3
Let y(t) = 19760*t - 19747. Give y(1).
13
Let a(l) = -l**2 + 114*l - 2761. Give a(77).
88
Let o(i) = -87*i**2 - 259*i - 769. Give o(-3).
-775
Let w(r) = r**3 + 60*r**2 + 38273*r + 2296409. What is w(-60)?
29
Let j(v) = -v**3 + 107*v**2 + 3454*v - 86. What is j(-26)?
18
Let j(m) = -6*m**2 - 70*m - 254. Determine j(-14).
-450
Let p(t) = 2*t**3 - 376*t**2 + 10712*t - 66. Calculate p(35).
4
Let y(l) = -l**2 - 7712*l + 100454. What is y(13)?
29
Let x(c) = 2518*c - 387770. Calculate x(154).
2
Let j(q) = -q**2 - 1754*q - 464281. Calculate j(-325).
144
Let a(y) = 369*y - 1779. Give a(4).
-303
Let o(b) = b**3 + 472*b**2 - 1329*b + 45613. What is o(-475)?
13
Let m(i) = -18*i**2 + 161*i + 292. Calculate m(12).
-368
Let q(g) = -4455*g + 155910. Calculate q(35).
-15
Let g(n) = n**2 + 94*n - 3741. Give g(-132).
1275
Let u(g) = -g**3 + 15*g**2 + 639*g - 1925. Give u(33).
-440
Let n(b) = -b**3 - b**2 + 69*b + 529. Determine n(-11).
980
Let b(k) = -k**3 - k**2 - 795*k - 1588. Determine b(-2).
6
Let n(g) = -755*g**2 - 6049*g + 44. Determine n(-8).
116
Let s(v) = -3*v**2 + 338*v + 6618. Calculate s(-17).
5
Let p(x) = -78*x**2 - 50*x + 5865. Determine p(-9).
-3
Let t(s) = -29*s**3 - 5452*s**2 + 4*s + 325. Calculate t(-188).
-427
Let o(u) = u**2 + 1355*u + 360754. Calculate o(-364).
30
Let h(t) = -257*t + 52624. Determine h(202).
710
Let p(d) = d**3 + 80*d**2 - 3*d - 263. Determine p(-80).
-23
Let c(a) = a**3 + 181*a**2 + 2076*a - 18158. Give c(-168).
-14
Let n(o) = -o**3 + 11*o**2 + 28*o - 38. Calculate n(13).
-12
Let i(a) = 3*a**2 - 28023*a + 223983. Give i(8).
-9
Let x(l) = -l**3 + 412*l**2 - 2046*l + 27. What is x(5)?
-28
Let v(p) = 5327*p - 1209220. Calculate v(227).
9
Let l(b) = -12*b**3 + 191*b**2 + 701*b - 10955. Give l(16).
5
Let y(f) = -f**3 + 172*f**2 + 79044*f - 1427. What is y(380)?
93
Let p(a) = -111*a - 582. Give p(-4).
-138
Let o(t) = 281*t - 89. Calculate o(-5).
-1494
Let i(f) = -3*f**3 - 17*f**2 - 2007*f - 12078. What is i(-6)?
0
Let c(h) = -8*h**3 - 623*h**2 - 2851*h - 294. Determine c(-73).
-2
Let z(r) = -r**2 + 194*r + 5325. Calculate z(-24).
93
Let w(q) = -50*q**3 + 11*q**2 + 12*q + 2. Determine w(-1).
51
Let c(l) = -44*l**2 - 84*l + 5360. What is c(-12)?
32
Let d(v) = -667*v + 10705. Calculate d(16).
33
Let t(l) = 1196*l - 173725. Calculate t(145).
-305
Let k(w) = -20593*w - 123539. Give k(-6).
19
Let f(o) = -o**3 + 219*o**2 + 239*o - 4221. Calculate f(220).
-41
Let q(j) = -1031*j + 32964. Give q(32).
-28
Let q(k) = -563*k**2 + 24*k - 55. Calculate q(2).
-2259
Let a(o) = 770*o + 37180. Give a(-48).
220
Let t(w) = 115*w - 3714. Determine t(32).
-34
Let c(g) = 3909*g + 35269. Give c(-9).
88
Let l(d) = d**3 - 2969*d**2 + 3435*d - 1386054. Give l(2968).
2
Let r(j) = -4*j**3 - 794*j**2 + 1047*j - 30588. Determine r(-200).
12
Let o(u) = 784*u - 86240. Give o(110).
0
Let d(r) = 330*r + 100983. Give d(-306).
3
Let d(o) = 22329*o - 66880. Determine d(3).
107
Let c(j) = j**2 + 11*j - 8084. What is c(83)?
-282
Let z(o) = 29617*o - 236943. What is z(8)?
-7
Let k(n) = -n**3 - 118*n**2 - 98*n + 2774. Determine k(-117).
551
Let p(b) = -12*b**3 + 9*b**2 - 166*b - 688. Cal